be the first derivative of -l**4/4 + 5*l**3/3 + 2*l**2 + 6*l + 4. Is i(y) composite?
True
Let z(v) = -v**3 - 13*v**2 - 12*v + 5. Let i be z(-12). Suppose i*c = -20 - 15. Is (2/6)/(c/(-2289)) composite?
False
Suppose -19960 = -o - 7*o. Is o a composite number?
True
Let n = -11811 - -6387. Let s = -2173 - n. Is s composite?
False
Suppose -47*b = -918529 - 40694. Is b prime?
False
Is ((-2)/4)/(-4*4/6752) a composite number?
False
Is -2*492023/(-14)*1 prime?
True
Suppose -5*v + 1569 = -2*v. Let m = v + -206. Is m a prime number?
True
Let c = -27 + 46. Suppose n = -3*j - 13, -3*j + c = 2*n - 6*j. Suppose 2*r - 2*g = 327 - 17, 3*r - 468 = n*g. Is r a prime number?
False
Is 502/(((-28)/2)/(-7)) a composite number?
False
Is 474*((-35)/3 + 12) composite?
True
Suppose 8*h - 43977 = 57807. Is h prime?
False
Let q(t) = -t**2 + 5*t - 2. Let p be q(2). Is (279/12 + (-1)/p)*47 composite?
True
Let b = -1117 - -7364. Is b composite?
False
Let b = -8 - -10. Let q be (0 + b)/2*141. Is q - ((3 - 5) + 0) a prime number?
False
Is ((-1079152)/64)/((-5)/20) prime?
True
Let f(t) = 469*t**2 + t - 17. Is f(6) a composite number?
True
Suppose 0 = 2*m + h + 115, m - 11 = 4*h - 73. Let u = -36 - m. Is u composite?
True
Let o(k) = k + 9. Let z be o(-6). Let m be 5 - 5 - (-4 - -1). Suppose -m*v = -5*x + 190, -4*x + 100 = -z*v - 55. Is x composite?
True
Suppose 401 = 4*z - 67. Suppose -135 = 3*m - 645. Let q = m - z. Is q a prime number?
True
Let m(v) = 47*v**2 - 12*v + 18. Let f be m(7). Suppose 0*h + 3*h = 4*c - 1784, 5*c - 2*h - f = 0. Is c a prime number?
True
Let v(b) = -b**2 - 5*b + 8. Let r be v(-6). Suppose 2 = a + 3*l - 9, -4*l + 8 = -r*a. Suppose 6*o - 508 = a*o. Is o prime?
True
Suppose -5*w + 2301 = -4*r, 0 = -2*w + 5*r - 0*r + 934. Suppose 3238 + w = v. Is v a prime number?
False
Suppose -139 = -9*c + 5090. Is c composite?
True
Let j = -58 - 8. Let q = j + 751. Is q a composite number?
True
Let p(z) be the first derivative of -2*z + 4 + 2/3*z**3 - 1/2*z**2. Is p(-5) a composite number?
False
Let d(u) = -8*u**3 + 11*u**2 + 25*u - 5. Is d(-5) a composite number?
True
Let j = -18654 + 31445. Is j a prime number?
True
Let b be (-1 - -1 - 696) + 2. Let f = b - -1013. Is f a composite number?
True
Let j = 717 + -71. Let y = -415 + j. Let t = 22 + y. Is t composite?
True
Let p(h) = -h**3 + h**2. Let q be p(0). Let i(s) = q + 7 - 4*s - 5*s - 3. Is i(-5) composite?
True
Suppose s + 3*v = 6, 3*v - 6 = -5*s + 2*s. Let u be 1*(3 + (s - 3)). Suppose 0 = n - u*n - 85. Is n a prime number?
False
Let x(i) = 611*i**2 + 33*i - 49. Is x(9) a prime number?
True
Let q(t) = -3*t**2. Let h be q(2). Is (-9 + 5)*93/h composite?
False
Let p be (-12 - -2)*-1 - -1. Suppose p*h = 9*h + 46. Suppose 5*d + h - 348 = 0. Is d prime?
False
Suppose -12 = 6*m - 0. Is 1 - ((-1 - 2) + 754/m) a composite number?
True
Suppose 2*x - 4 = 4*c, 13 = -4*x + 6*x - c. Suppose x*i - 1620 = 92. Is i a composite number?
True
Let z(i) = 349*i**2 - 13*i + 37. Is z(10) composite?
False
Suppose u + 3*w - 1 = 13, 0 = 3*w - 12. Suppose -j = -u*z + z - 635, j - 639 = 2*z. Is j a composite number?
False
Let b be (-12)/15 - (-72)/15. Let u(m) = -m + 13. Let c be u(b). Suppose c*w - 106 = 7*w. Is w a prime number?
True
Suppose 3*q - d - 23 = -2*d, -2*q = -4*d - 34. Suppose -3*x + 3*g + 3015 = g, -q = -3*g. Is x prime?
False
Let b(m) = -m**3 - 15*m**2 - 27*m - 10. Let a be b(-13). Let j(h) = -2 - 4 - 1 + 66*h. Is j(a) composite?
False
Let a be (-26)/(-7) - 4/(-14). Let r(o) = -o**2 + 5*o - 2. Let g be r(a). Suppose 0*w = g*w - 158. Is w composite?
False
Is 5 - 15 - -5215 - -2 a prime number?
False
Let y(t) = -7*t**3 + 12*t**2 + 8*t + 7. Let s(m) = 20*m**3 - 35*m**2 - 23*m - 20. Let o(i) = 6*s(i) + 17*y(i). Is o(10) a composite number?
False
Is 17558/(-2 + (-3 - -5) - -2) composite?
False
Let c(q) = 1726*q + 511. Is c(20) a prime number?
False
Suppose -4*c + 7*n - 44 = 3*n, -4*c + 5*n = 41. Let b be (0 - 3)*c/2. Let m = b - -13. Is m a prime number?
False
Suppose 84104 = -27*p + 670085. Is p a prime number?
False
Let z be (13 - 1)*(-1 - 0). Let f(g) = g**3 + 15*g**2 + 10*g - 11. Is f(z) a prime number?
False
Suppose -3*o + 7*o - 1928 = 0. Let c(a) = 2*a**2 + 15*a + 47. Let m be c(-14). Let i = o - m. Is i composite?
True
Suppose 2947 = u + u - 5*f, 3*u = 4*f + 4431. Is u prime?
True
Let p be ((-20)/(-50))/(1/450). Let v = p + 793. Is v a composite number?
True
Let p = 1987 + -24. Suppose -7*x = -p - 382. Is x a prime number?
False
Let f = 224250 + -147677. Is f a prime number?
False
Suppose 20 = -4*h + 8*h. Suppose 7 = 3*j - h, 3163 = 5*s + 2*j. Suppose -5*r = -s - 684. Is r a prime number?
True
Suppose 26*l = 1098032 - 200746. Is l a composite number?
False
Let u be (-28)/(-8) + 1/(-2). Suppose -58 = -3*j + o, -72 - u = -4*j - o. Is j prime?
True
Let s(c) = -c**2 + 9*c - 1. Let y be s(9). Let z(l) = -414*l**3 + 2*l**2 - 2*l - 3. Is z(y) a composite number?
True
Let u(y) = 10*y**2 - 18*y + 37. Is u(-15) a composite number?
False
Let j = -4148 + 8881. Is j prime?
True
Let y be 5/(-2)*(-6 + 4). Suppose 1025 = y*s - 0*s. Is s a composite number?
True
Suppose 27*v - 288858 = 139335. Is v a prime number?
True
Let g be ((-2)/8 + (-104)/96)*-3. Let i be 241 + (-12)/(-3) + -1. Suppose -g*h + 688 = i. Is h composite?
True
Suppose 0 = -y - 3*f + 14, -2 = y + 2*f - 13. Suppose 2*w - y*v = -15, 9*v - 15 = -4*w + 4*v. Suppose -5*r + 4*r + 31 = w. Is r prime?
True
Suppose 0*u - 129 = -3*u. Let h(i) = i + 13. Let b be h(-11). Suppose 0 = -b*l + u - 13. Is l prime?
False
Let d(a) = a**2 + 16*a + 16. Let k be d(-14). Is 2/k - (-21857)/66 prime?
True
Suppose 24 = 8*g - 6*g. Is (1 - 16/g)*-111 a prime number?
True
Let r(o) = -24*o**3 - o**2 + 32*o + 10. Is r(-9) a composite number?
False
Is ((-12)/(-4) + -5)*-59 prime?
False
Let q(w) = -61*w - 7. Let v be q(-12). Let j = v - 139. Suppose -s - j = -3*s. Is s a composite number?
False
Let a = 13447 + -7746. Is a a composite number?
False
Let f = 45 - 46. Is f/((-4)/(-8)) + 219 composite?
True
Suppose 120833 = 36*t - 32275. Is t composite?
False
Suppose -l + 720 = 3*l. Suppose 2*z + 2*z - 4*b = l, 5*z - 231 = -b. Suppose -f - 4*d = -145 - z, -3*f = 3*d - 546. Is f a composite number?
False
Let w(p) = p**3 - 15*p**2 + 6. Let q be w(15). Suppose q*z = 1450 + 1028. Is z a prime number?
False
Let q = 5603 - 2918. Suppose -5*s + 8*s = q. Is s prime?
False
Suppose 133 = p + k, -7*p + 2*p + 2*k + 630 = 0. Suppose 5*o + b + 148 = 0, 7*b - p = 4*o + 3*b. Is (-12)/o + (-1086)/(-10) a composite number?
False
Suppose -3*l - 3*h + 1791 = -23541, 5*h + 33749 = 4*l. Is l a composite number?
True
Suppose -10*q + 5*o + 3318 = -9*q, 13352 = 4*q - 4*o. Is q composite?
False
Suppose -4*p - 444 = -7*p. Suppose -5*v + 325 = j + 4*j, -4*j - p = -2*v. Let a = v - 15. Is a a composite number?
False
Suppose 3*v + 2*v - 11666 = -x, -2*x + 4668 = 2*v. Is v composite?
False
Let y(h) = h**2 - h - 2. Let u be y(-2). Suppose 3*n - u = o, n - 3*o + 7 = -5. Is n/(-1)*8628/(-36) a prime number?
True
Let f(k) = 2*k**2 + 32*k - 20. Let s be f(16). Suppose s = 2*d + 2*d. Is d composite?
False
Suppose -5*y = -4*t + 1938, 5*y + 273 + 1671 = 2*t. Let s = 61 - y. Is s composite?
True
Let g = -266 + 457. Is g a composite number?
False
Let m(l) = -4*l - 33. Let j be m(-6). Let w(g) = -104*g + 19. Is w(j) composite?
True
Suppose 0 = 3*x - 6, -3*h + 12*x = 14*x - 165385. Is h prime?
True
Let s(b) = 11*b**3 - b**2 - b - 1. Let p be s(3). Let v = p - 146. Suppose v = w + w. Is w composite?
True
Let n(o) = -9*o**2 - 7*o + 16. Let t be n(-8). Let m = t + 707. Is m prime?
False
Suppose 0 = 2*v + 3*v - 55. Is v/(-55) - (-1912)/10 a prime number?
True
Suppose 1132 = 9*a - 87707. Is a prime?
True
Suppose -11*d = -10*d - 10. Let t = d + -8. Is t/3 - (-6810)/18 a prime number?
True
Let c = 172 + -28. Let n = c - 25. Let f = n + -60. Is f a composite number?
False
Is 4816/10 + (-12)/20 a prime number?
False
Suppose -2*b + 150 = -4*p, 3*p - 2*b + 185 = -2*p. Is p/14*(-438)/5 prime?
False
Suppose -2*u = -8 - 0. Let n(t) = 10*t - 1. Let v be n(u). Suppose j + 5 - v = 0. Is j a composite number?
True
Let z = 10 - 10. Let d be z/(1 + 4 + -3). Suppose -4*i - i + 355 = -5*f, -4*i + 2*f + 290 = d. Is i a prime number?
False
Is (-7 - -9334)*(-8)/(-24) a co